{"id":8855,"date":"2022-07-11T16:46:03","date_gmt":"2022-07-11T16:46:03","guid":{"rendered":"https:\/\/resinaepoxica.mx\/?post_type=product&#038;p=8855"},"modified":"2022-07-11T17:15:18","modified_gmt":"2022-07-11T17:15:18","slug":"modern-master-capa-de-acabado","status":"publish","type":"product","link":"https:\/\/resinaepoxica.mx\/index.php\/producto\/modern-master-capa-de-acabado\/","title":{"rendered":"Master &#8211; Capa de acabado 132oz"},"content":{"rendered":"<ul class=\"a-unordered-list a-vertical a-spacing-mini\">\n<li><span class=\"a-list-item\"><span>Adecuado para una variedad de superficies interiores\/exteriores como puertas, molduras de techo, muebles de exterior y m\u00e1s<\/span><\/span><\/li>\n<li><span class=\"a-list-item\"><span>La f\u00f3rmula a base de agua presenta bajo olor y bajo VOC<\/span><\/span><\/li>\n<li><span class=\"a-list-item\"><span>Se seca al tacto en 30 minutos y cubre hasta 400 pies cuadrados.<\/span><\/span><\/li>\n<li><span class=\"a-list-item\"><span>Recubrimiento transparente y duradero que ofrece a\u00f1os de protecci\u00f3n, incluida la resistencia a los rayos UV, al alto tr\u00e1nsito y a la intemperie<\/span><\/span><\/li>\n<li><span class=\"a-list-item\"><span>Brinda una capa superior satinada suave sin afectar el brillo met\u00e1lico.<\/span><\/span><\/li>\n<li><span class=\"a-list-item\"><span>Una capa de acabado interior\/exterior de poliuretano alif\u00e1tico\/acr\u00edlico, de un componente, autorreticulante, a base de agua, que no amarillea Se aplica transparente, se mantiene transparente<\/span><\/span><\/li>\n<li><span class=\"a-list-item\"><span>La resistencia a la abrasi\u00f3n de MasterClear extiende la vida \u00fatil de las pinturas met\u00e1licas en superficies interiores de alto tr\u00e1fico y supera los 3000 ciclos de fregado.<\/span><\/span><\/li>\n<li><span class=\"a-list-item\"><span>Aplicaciones con brocha, rodillo o rociador Satinado<\/span><\/span><\/li>\n<\/ul>\n","protected":false},"excerpt":{"rendered":"<table class=\"a-normal a-spacing-micro\">\n<tbody>\n<tr class=\"a-spacing-small po-paint_type\">\n<td class=\"a-span3\"><span class=\"a-size-base a-text-bold\">Tipo de pintura<\/span><\/td>\n<td class=\"a-span9\"><span class=\"a-size-base\"><span>Aerosol, Acuarela, Acr\u00edlico<\/span><\/span><\/td>\n<\/tr>\n<tr class=\"a-spacing-small po-surface_recommendation\">\n<td class=\"a-span3\"><span class=\"a-size-base a-text-bold\">Recomendaci\u00f3n de superficie<\/span><\/td>\n<td class=\"a-span9\"><span class=\"a-size-base\"><span>Puertas Muebles<\/span><\/span><\/td>\n<\/tr>\n<tr class=\"a-spacing-small po-brand\">\n<td class=\"a-span3\"><span class=\"a-size-base a-text-bold\">Marca<\/span><\/td>\n<td class=\"a-span9\"><span class=\"a-size-base\"><span>Maestros modernos<\/span><\/span><\/td>\n<\/tr>\n<tr class=\"a-spacing-small po-color\">\n<td class=\"a-span3\"><span class=\"a-size-base a-text-bold\"><span>Color<\/span><\/span><\/td>\n<td class=\"a-span9\"><span class=\"a-size-base\"><span>Sat\u00edn<\/span><\/span><\/td>\n<\/tr>\n<tr class=\"a-spacing-small po-unit_count\">\n<td class=\"a-span3\"><span class=\"a-size-base a-text-bold\">Recuento de unidades<\/span><\/td>\n<td class=\"a-span9\"><span class=\"a-size-base\"><span>1.0 Recuento<\/span><\/span><\/td>\n<\/tr>\n<tr class=\"a-spacing-small po-included_components\">\n<td class=\"a-span3\"><span class=\"a-size-base a-text-bold\">Componentes incluidos<\/span><\/td>\n<td class=\"a-span9\"><span class=\"a-size-base\"><span>Acabado de pintura metalizada<\/span><\/span><\/td>\n<\/tr>\n<tr class=\"a-spacing-small po-age_range_description\">\n<td class=\"a-span3\"><span class=\"a-size-base a-text-bold\">Rango de edad (descripci\u00f3n)<\/span><\/td>\n<td class=\"a-span9\"><span class=\"a-size-base\"><span>Adulto<\/span><\/span><\/td>\n<\/tr>\n<tr class=\"a-spacing-small po-specific_uses_for_product\">\n<td class=\"a-span3\"><span class=\"a-size-base a-text-bold\">Uso<\/span><\/td>\n<td class=\"a-span9\"><span class=\"a-size-base\"><span>En el interior;\u00a0Aficionado<\/span><\/span><\/td>\n<\/tr>\n<tr class=\"a-spacing-small po-finish_type\">\n<td class=\"a-span3\"><span class=\"a-size-base a-text-bold\">Tipo de acabado<\/span><\/td>\n<td class=\"a-span9\"><span class=\"a-size-base\"><span>Sat\u00edn<\/span><\/span><\/td>\n<\/tr>\n<tr class=\"a-spacing-small po-size\">\n<td class=\"a-span3\"><span class=\"a-size-base a-text-bold\">Talla<\/span><\/td>\n<td class=\"a-span9\"><span class=\"a-size-base\"><span>132 onzas l\u00edquidas (paquete de 1)<\/span><\/span><\/td>\n<\/tr>\n<\/tbody>\n<\/table>\n","protected":false},"featured_media":8857,"comment_status":"open","ping_status":"closed","template":"","meta":{"_joinchat":[]},"product_cat":[82],"product_tag":[],"class_list":{"0":"post-8855","1":"product","2":"type-product","3":"status-publish","4":"has-post-thumbnail","6":"product_cat-productos","8":"first","9":"instock","10":"shipping-taxable","11":"purchasable","12":"product-type-variable"},"_links":{"self":[{"href":"https:\/\/resinaepoxica.mx\/index.php\/wp-json\/wp\/v2\/product\/8855","targetHints":{"allow":["GET"]}}],"collection":[{"href":"https:\/\/resinaepoxica.mx\/index.php\/wp-json\/wp\/v2\/product"}],"about":[{"href":"https:\/\/resinaepoxica.mx\/index.php\/wp-json\/wp\/v2\/types\/product"}],"replies":[{"embeddable":true,"href":"https:\/\/resinaepoxica.mx\/index.php\/wp-json\/wp\/v2\/comments?post=8855"}],"version-history":[{"count":2,"href":"https:\/\/resinaepoxica.mx\/index.php\/wp-json\/wp\/v2\/product\/8855\/revisions"}],"predecessor-version":[{"id":8863,"href":"https:\/\/resinaepoxica.mx\/index.php\/wp-json\/wp\/v2\/product\/8855\/revisions\/8863"}],"wp:featuredmedia":[{"embeddable":true,"href":"https:\/\/resinaepoxica.mx\/index.php\/wp-json\/wp\/v2\/media\/8857"}],"wp:attachment":[{"href":"https:\/\/resinaepoxica.mx\/index.php\/wp-json\/wp\/v2\/media?parent=8855"}],"wp:term":[{"taxonomy":"product_cat","embeddable":true,"href":"https:\/\/resinaepoxica.mx\/index.php\/wp-json\/wp\/v2\/product_cat?post=8855"},{"taxonomy":"product_tag","embeddable":true,"href":"https:\/\/resinaepoxica.mx\/index.php\/wp-json\/wp\/v2\/product_tag?post=8855"}],"curies":[{"name":"wp","href":"https:\/\/api.w.org\/{rel}","templated":true}]}}