{"id":9400,"date":"2022-07-18T19:37:10","date_gmt":"2022-07-18T19:37:10","guid":{"rendered":"https:\/\/resinaepoxica.mx\/?post_type=product&#038;p=9400"},"modified":"2022-07-18T19:40:27","modified_gmt":"2022-07-18T19:40:27","slug":"sltk-top-rc-e","status":"publish","type":"product","link":"https:\/\/resinaepoxica.mx\/index.php\/producto\/sltk-top-rc-e\/","title":{"rendered":"SLTK top RC-E"},"content":{"rendered":"<h3>Usos<\/h3>\n<p>SLTK top RC\u2022E es recomendado en reparaciones estructurales de:<\/p>\n<ul>\n<li>Columnas, puentes, vigas, estacionamientos, t\u00faneles, losas, placas, muros, muros de contenci\u00f3n, albercas, muelles, alcantarillas, presas, estructuras mar\u00edtimas, canales y estructuras de concreto en general en interiores y exteriores.<\/li>\n<li>Reparaciones de concreto postensado, pretensado, prefabricados y colado en sitio.<\/li>\n<li>Baja permeabilidad a los cloruros y resistente a sulfatos.<\/li>\n<li>Restauraci\u00f3n de estructuras de concreto mediante incrementos y reemplazos de espesores de concreto carbonatado, contaminado o deteriorado.<\/li>\n<li>Trabajos de refuerzos estructurales mediante el aumento de la capacidad de soporte de carga de la estructura de concreto.<\/li>\n<li>Reparaci\u00f3n de oquedades y desprendimientos en el deterioro estructural de elementos de concreto.<\/li>\n<li>Reparaciones de concreto y mamposter\u00eda en el sector industrial.<\/li>\n<\/ul>\n<h3>Ventajas<\/h3>\n<ul>\n<li>Excelente resistencia a la compresi\u00f3n y a la flexi\u00f3n para reparaciones estructurales seguras y eficientes.<\/li>\n<li>Para reparaciones con espesores de 6 mm a 50 mm por capa.<\/li>\n<li>Excelente adherencia al concreto y aceros de refuerzos.<\/li>\n<li>Puede ser aplicado en interiores y exteriores.<\/li>\n<li>Ofrece alta tixotrop\u00eda, excelente trabajabilidad y acabados deseados.<\/li>\n<li>Baja permeabilidad a cloruros y protecci\u00f3n contra la carbonataci\u00f3n.<\/li>\n<li>Reparaciones de concreto de alta durabilidad.<\/li>\n<li>Amplio rango de temperatura para su aplicaci\u00f3n, de +7 \u00b0C a +38 \u00b0C.<\/li>\n<li>SLTK top RC\u2022E una vez seco y curado, puede ser pintado, colocarse revestimientos, recubrimientos ep\u00f3xicos, losetas cer\u00e1micas, azulejos, etc.<\/li>\n<\/ul>\n","protected":false},"excerpt":{"rendered":"<p>Es un mortero base cemento con caracter\u00edsticas tixotr\u00f3picas de fraguado r\u00e1pido con pol\u00edmeros, micros\u00edlica e inhibidor de corrosi\u00f3n, reforzado con fibras, de baja contracci\u00f3n de alto desempe\u00f1o para la reparaci\u00f3n de estructuras de concreto tales como columnas, vigas, losas, placas, muros y estructuras en general en interiores y exteriores.<\/p>\n","protected":false},"featured_media":9401,"comment_status":"open","ping_status":"closed","template":"","meta":{"_joinchat":[]},"product_cat":[20],"product_tag":[],"class_list":{"0":"post-9400","1":"product","2":"type-product","3":"status-publish","4":"has-post-thumbnail","6":"product_cat-accessories","8":"first","9":"instock","10":"shipping-taxable","11":"product-type-simple"},"_links":{"self":[{"href":"https:\/\/resinaepoxica.mx\/index.php\/wp-json\/wp\/v2\/product\/9400","targetHints":{"allow":["GET"]}}],"collection":[{"href":"https:\/\/resinaepoxica.mx\/index.php\/wp-json\/wp\/v2\/product"}],"about":[{"href":"https:\/\/resinaepoxica.mx\/index.php\/wp-json\/wp\/v2\/types\/product"}],"replies":[{"embeddable":true,"href":"https:\/\/resinaepoxica.mx\/index.php\/wp-json\/wp\/v2\/comments?post=9400"}],"version-history":[{"count":1,"href":"https:\/\/resinaepoxica.mx\/index.php\/wp-json\/wp\/v2\/product\/9400\/revisions"}],"predecessor-version":[{"id":9402,"href":"https:\/\/resinaepoxica.mx\/index.php\/wp-json\/wp\/v2\/product\/9400\/revisions\/9402"}],"wp:featuredmedia":[{"embeddable":true,"href":"https:\/\/resinaepoxica.mx\/index.php\/wp-json\/wp\/v2\/media\/9401"}],"wp:attachment":[{"href":"https:\/\/resinaepoxica.mx\/index.php\/wp-json\/wp\/v2\/media?parent=9400"}],"wp:term":[{"taxonomy":"product_cat","embeddable":true,"href":"https:\/\/resinaepoxica.mx\/index.php\/wp-json\/wp\/v2\/product_cat?post=9400"},{"taxonomy":"product_tag","embeddable":true,"href":"https:\/\/resinaepoxica.mx\/index.php\/wp-json\/wp\/v2\/product_tag?post=9400"}],"curies":[{"name":"wp","href":"https:\/\/api.w.org\/{rel}","templated":true}]}}