{"id":9418,"date":"2022-07-18T19:48:29","date_gmt":"2022-07-18T19:48:29","guid":{"rendered":"https:\/\/resinaepoxica.mx\/?post_type=product&#038;p=9418"},"modified":"2022-07-18T19:50:05","modified_gmt":"2022-07-18T19:50:05","slug":"sltk-top-rc-p","status":"publish","type":"product","link":"https:\/\/resinaepoxica.mx\/index.php\/producto\/sltk-top-rc-p\/","title":{"rendered":"SLTK top RC-P"},"content":{"rendered":"<h3>Usos<\/h3>\n<p>SLTK top RC\u2022P es recomendado para reparaciones de industrias en general, as\u00ed como en pisos de f\u00e1bricas, tiendas departamentales, tiendas de conveniencia, pisos de concreto, plataformas, almacenes, industria pesada, superficies horizontales, losas estructurales, estacionamientos, rampas, banquetas, juntas de concreto, pavimentos de concreto, muelles de carga, plantas de tratamiento, etc.<\/p>\n<p>SLTK top RC\u2022P es ideal para:<\/p>\n<ul>\n<li>Para reparaciones horizontales y capas finales en superficies de concreto estructural.<\/li>\n<li>Reparaciones de superficies para r\u00e1pida apertura para tr\u00e1fico peatonal y vehicular.<\/li>\n<li>Reparaciones de concreto postensado, pretensado, prefabricados y colado en sitio.<\/li>\n<li>Para reparaci\u00f3n y renovaci\u00f3n de concreto en superficies horizontales en interiores y exteriores en \u00e1reas comerciales, residenciales e institucionales sujeta a alto tr\u00e1fico peatonal y vehicular.<\/li>\n<li>Reparaciones de alta resistencia al desgaste a\u00fan en espesores delgados.<\/li>\n<\/ul>\n<h3>Ventajas<\/h3>\n<ul>\n<li>Excelente resistencia a la compresi\u00f3n y a la flexi\u00f3n para reparaci\u00f3n horizontal y capa de acabado sobre superficies de concreto.<\/li>\n<li>Excelentes reparaciones con espesores entre 6 mm y 6 cm.<\/li>\n<li>Excelente adherencia al concreto y aceros de refuerzos.<\/li>\n<li>Puede ser aplicado en interiores y exteriores.<\/li>\n<li>Ofrece excelente trabajabilidad y acabado deseado.<\/li>\n<li>Baja permeabilidad a cloruros y protecci\u00f3n contra la carbonataci\u00f3n.<\/li>\n<li>Reparaciones de concreto de alta durabilidad.<\/li>\n<li>Apertura al tr\u00e1fico peatonal y vehicular de ruedas de caucho en 8 horas.<\/li>\n<li>Amplio rango de temperatura para su aplicaci\u00f3n, de +7 \u00b0C a +38 \u00b0C.<\/li>\n<li>El producto una vez seco y curado, puede ser pintado, colocarse revestimientos, recubrimientos ep\u00f3xicos, losetas cer\u00e1micas, azulejos, etc<\/li>\n<\/ul>\n","protected":false},"excerpt":{"rendered":"<p>Es un mortero base cemento de fraguado r\u00e1pido con pol\u00edmeros y reforzado con fibras de baja contracci\u00f3n micros\u00edlica e inhibidor de corrosi\u00f3n de alto desempe\u00f1o para la reparaci\u00f3n y capa final de superficies horizontales de concreto en interiores y exteriores.<\/p>\n","protected":false},"featured_media":9419,"comment_status":"open","ping_status":"closed","template":"","meta":{"_joinchat":[]},"product_cat":[20],"product_tag":[],"class_list":{"0":"post-9418","1":"product","2":"type-product","3":"status-publish","4":"has-post-thumbnail","6":"product_cat-accessories","8":"first","9":"instock","10":"shipping-taxable","11":"product-type-simple"},"_links":{"self":[{"href":"https:\/\/resinaepoxica.mx\/index.php\/wp-json\/wp\/v2\/product\/9418","targetHints":{"allow":["GET"]}}],"collection":[{"href":"https:\/\/resinaepoxica.mx\/index.php\/wp-json\/wp\/v2\/product"}],"about":[{"href":"https:\/\/resinaepoxica.mx\/index.php\/wp-json\/wp\/v2\/types\/product"}],"replies":[{"embeddable":true,"href":"https:\/\/resinaepoxica.mx\/index.php\/wp-json\/wp\/v2\/comments?post=9418"}],"version-history":[{"count":1,"href":"https:\/\/resinaepoxica.mx\/index.php\/wp-json\/wp\/v2\/product\/9418\/revisions"}],"predecessor-version":[{"id":9420,"href":"https:\/\/resinaepoxica.mx\/index.php\/wp-json\/wp\/v2\/product\/9418\/revisions\/9420"}],"wp:featuredmedia":[{"embeddable":true,"href":"https:\/\/resinaepoxica.mx\/index.php\/wp-json\/wp\/v2\/media\/9419"}],"wp:attachment":[{"href":"https:\/\/resinaepoxica.mx\/index.php\/wp-json\/wp\/v2\/media?parent=9418"}],"wp:term":[{"taxonomy":"product_cat","embeddable":true,"href":"https:\/\/resinaepoxica.mx\/index.php\/wp-json\/wp\/v2\/product_cat?post=9418"},{"taxonomy":"product_tag","embeddable":true,"href":"https:\/\/resinaepoxica.mx\/index.php\/wp-json\/wp\/v2\/product_tag?post=9418"}],"curies":[{"name":"wp","href":"https:\/\/api.w.org\/{rel}","templated":true}]}}