{"id":9455,"date":"2022-07-18T21:28:43","date_gmt":"2022-07-18T21:28:43","guid":{"rendered":"https:\/\/resinaepoxica.mx\/?post_type=product&#038;p=9455"},"modified":"2022-07-18T21:30:31","modified_gmt":"2022-07-18T21:30:31","slug":"sltk-last-ic-g","status":"publish","type":"product","link":"https:\/\/resinaepoxica.mx\/index.php\/producto\/sltk-last-ic-g\/","title":{"rendered":"SLTK last IC-G"},"content":{"rendered":"<h3>Usos<\/h3>\n<p>SLTK last IC\u2022G es un producto de alta impermeabilidad y flexibilidad, recomendado para aplicaciones como:<\/p>\n<ul>\n<li>Impermeabilizaci\u00f3n y protecci\u00f3n de obras hidr\u00e1ulicas tales como: tanques de agua, albercas, cisternas, tuber\u00edas, canales, s\u00f3tanos, cimentaciones, estructuras de concreto bajo nivel fre\u00e1tico.<\/li>\n<li>Impermeabilizaci\u00f3n y protecci\u00f3n en general de superficies verticales y horizontales sometidas a humedades y agua constante.<\/li>\n<li>Impermeabilizar elementos de mamposter\u00eda como tabiques, piedras, block y superficies de mortero.<\/li>\n<li>Protege muros prefabricados con movimiento, paneles de yeso, tablaroca y elementos de concreto prefabricados.<\/li>\n<li>Impermeabilizar y proteger charolas de ba\u00f1o, \u00e1reas de cocinas, espejos de agua, jacuzzis, \u00e1reas de ducha, fuentes, balcones, terrazas y jardineras.<\/li>\n<li>Impermeabilizaci\u00f3n de superficies bajo revestimientos, recubrimientos como tejas, baldosas, azulejos y losetas cer\u00e1micas.<\/li>\n<li>Protege y recubre estructuras de concreto sujetas a esfuerzos de flexi\u00f3n y vibraci\u00f3n.<\/li>\n<\/ul>\n<h3>Ventajas<\/h3>\n<ul>\n<li>Puede aplicarse con brocha, rodillo, llana o lanzadora de concreto.<\/li>\n<li>Impermeabilizante de alta flexibilidad y protecci\u00f3n del concreto.<\/li>\n<li>Resiste deformaciones permisibles en estructuras y recubre ciertos tipos de grietas y fisuras existentes.<\/li>\n<li>Puede ser aplicado en interiores y exteriores.<\/li>\n<li>Secado r\u00e1pido.<\/li>\n<li>Producto ofrece buena tixotrop\u00eda, lo cual evita escurrimiento del producto en su aplicaci\u00f3n.<\/li>\n<li>Alta adherencia en sustratos tales como: Concreto, mortero, fibrocemento, piedra, roca, cer\u00e1mica, madera, yeso y materiales varios de la construcci\u00f3n.<\/li>\n<li>Se puede aplicar en ambientes y sustratos h\u00famedos no encharcados.<\/li>\n<li>Protege al concreto contra la humedad, ataques qu\u00edmicos como sales, sulfatos, cloros y di\u00f3xido de carbono, evitando el deterioro del concreto.<\/li>\n<li>No contiene solventes.<\/li>\n<li>Una vez seco y curado SLTK last IC\u2022G puede ser pintado, recubierto con yeso, mortero, revestimientos, recubrimientos ep\u00f3xicos, losetas cer\u00e1micas, azulejos, etc.<\/li>\n<li>Soporta movimientos de la superficie ocasionados por cambios de humedad, temperatura, movimientos estructurales permisibles, contracci\u00f3n pl\u00e1stica y vibraci\u00f3n.<\/li>\n<\/ul>\n","protected":false},"excerpt":{"rendered":"<p>Es un mortero base cemento base cemento de alta flexibilidad de dos componentes, forma una capa impermeable y el\u00e1stica que ayuda a soportar movimientos de la superficie permitiendo el tratamiento de grietas y fisuras.<\/p>\n","protected":false},"featured_media":9456,"comment_status":"open","ping_status":"closed","template":"","meta":{"_joinchat":[]},"product_cat":[20],"product_tag":[],"class_list":{"0":"post-9455","1":"product","2":"type-product","3":"status-publish","4":"has-post-thumbnail","6":"product_cat-accessories","8":"first","9":"instock","10":"shipping-taxable","11":"product-type-simple"},"_links":{"self":[{"href":"https:\/\/resinaepoxica.mx\/index.php\/wp-json\/wp\/v2\/product\/9455","targetHints":{"allow":["GET"]}}],"collection":[{"href":"https:\/\/resinaepoxica.mx\/index.php\/wp-json\/wp\/v2\/product"}],"about":[{"href":"https:\/\/resinaepoxica.mx\/index.php\/wp-json\/wp\/v2\/types\/product"}],"replies":[{"embeddable":true,"href":"https:\/\/resinaepoxica.mx\/index.php\/wp-json\/wp\/v2\/comments?post=9455"}],"version-history":[{"count":1,"href":"https:\/\/resinaepoxica.mx\/index.php\/wp-json\/wp\/v2\/product\/9455\/revisions"}],"predecessor-version":[{"id":9457,"href":"https:\/\/resinaepoxica.mx\/index.php\/wp-json\/wp\/v2\/product\/9455\/revisions\/9457"}],"wp:featuredmedia":[{"embeddable":true,"href":"https:\/\/resinaepoxica.mx\/index.php\/wp-json\/wp\/v2\/media\/9456"}],"wp:attachment":[{"href":"https:\/\/resinaepoxica.mx\/index.php\/wp-json\/wp\/v2\/media?parent=9455"}],"wp:term":[{"taxonomy":"product_cat","embeddable":true,"href":"https:\/\/resinaepoxica.mx\/index.php\/wp-json\/wp\/v2\/product_cat?post=9455"},{"taxonomy":"product_tag","embeddable":true,"href":"https:\/\/resinaepoxica.mx\/index.php\/wp-json\/wp\/v2\/product_tag?post=9455"}],"curies":[{"name":"wp","href":"https:\/\/api.w.org\/{rel}","templated":true}]}}